3
List the prime factors of 286930.
2, 5, 7, 4099
List the prime factors of 10729080.
2, 3, 5, 29803
What are the prime factors of 215767?
215767
What are the prime factors of 383179?
383179
What are the prime factors of 2071893?
3, 19, 163, 223
List the prime factors of 38481741.
3, 293, 14593
What are the prime factors of 4551757?
7, 92893
What are the prime factors of 54700?
2, 5, 547
List the prime factors of 7366165.
5, 241, 6113
List the prime factors of 7885806.
2, 3, 1314301
List the prime factors of 763743.
3, 19, 13399
What are the prime factors of 139474?
2, 69737
List the prime factors of 26570.
2, 5, 2657
List the prime factors of 1216989.
3, 135221
List the prime factors of 274149.
3, 83, 367
What are the prime factors of 1202019?
3, 7, 13, 17, 37
List the prime factors of 1747073.
17, 102769
What are the prime factors of 27549?
3, 3061
List the prime factors of 241965.
3, 5, 19, 283
What are the prime factors of 12309353?
7, 607, 2897
What are the prime factors of 95260?
2, 5, 11, 433
List the prime factors of 21895543.
19, 1152397
List the prime factors of 739901.
43, 17207
What are the prime factors of 16245678?
2, 3, 293, 9241
What are the prime factors of 1106680?
2, 5, 73, 379
What are the prime factors of 2644225?
5, 105769
List the prime factors of 3498246.
2, 3, 109, 1783
List the prime factors of 2397540.
2, 3, 5, 31, 1289
List the prime factors of 34172198.
2, 17086099
List the prime factors of 265884.
2, 3, 22157
List the prime factors of 6164744.
2, 17, 45329
What are the prime factors of 420406?
2, 7, 30029
List the prime factors of 15540752.
2, 29, 33493
List the prime factors of 630807.
3, 283, 743
What are the prime factors of 84327?
3, 28109
List the prime factors of 4716418.
2, 7, 336887
What are the prime factors of 62774?
2, 31387
What are the prime factors of 3283312?
2, 17, 12071
What are the prime factors of 3235839?
3, 367, 2939
What are the prime factors of 381434?
2, 190717
What are the prime factors of 13233147?
3, 4411049
List the prime factors of 691327.
7, 13, 71, 107
List the prime factors of 172202.
2, 29, 2969
What are the prime factors of 6113158?
2, 3056579
List the prime factors of 211564.
2, 227, 233
What are the prime factors of 1480699?
11, 134609
List the prime factors of 2652257.
47, 56431
List the prime factors of 2198055.
3, 5, 29, 31, 163
List the prime factors of 30140.
2, 5, 11, 137
List the prime factors of 42678.
2, 3, 2371
What are the prime factors of 888375?
3, 5, 23, 103
What are the prime factors of 11371751?
863, 13177
List the prime factors of 6936637.
6936637
What are the prime factors of 4292?
2, 29, 37
What are the prime factors of 1795663?
1795663
What are the prime factors of 14754551?
7, 107, 19699
What are the prime factors of 2498855?
5, 337, 1483
What are the prime factors of 100795?
5, 19, 1061
List the prime factors of 2587408.
2, 23, 79, 89
List the prime factors of 794575.
5, 37, 859
List the prime factors of 9098942.
2, 4549471
List the prime factors of 2569829.
691, 3719
List the prime factors of 105185.
5, 109, 193
What are the prime factors of 327304?
2, 163, 251
List the prime factors of 247496.
2, 30937
List the prime factors of 1510202.
2, 197, 3833
What are the prime factors of 69309?
3, 17, 151
What are the prime factors of 491686?
2, 13, 18911
List the prime factors of 12747930.
2, 3, 5, 13, 32687
List the prime factors of 4515610.
2, 5, 11, 41051
What are the prime factors of 2264179?
17, 133187
What are the prime factors of 4275819?
3, 475091
List the prime factors of 1871141.
907, 2063
What are the prime factors of 78693?
3, 17, 1543
List the prime factors of 1059965.
5, 239, 887
What are the prime factors of 10212411?
3, 11, 53, 5839
List the prime factors of 9048316.
2, 739, 3061
What are the prime factors of 6210720?
2, 3, 5, 19, 227
What are the prime factors of 300807?
3, 13, 857
What are the prime factors of 2533112?
2, 47, 6737
What are the prime factors of 308781?
3, 11, 3119
List the prime factors of 29014796.
2, 7253699
List the prime factors of 628837.
11, 5197
What are the prime factors of 13588611?
3, 211, 21467
List the prime factors of 14500213.
7, 13, 79, 2017
List the prime factors of 5171818.
2, 2585909
What are the prime factors of 42979?
42979
What are the prime factors of 3248648?
2, 13, 31237
What are the prime factors of 570423?
3, 7, 23, 1181
List the prime factors of 13455449.
7, 17, 29, 557
List the prime factors of 289747.
37, 41, 191
What are the prime factors of 1832776?
2, 11, 59, 353
List the prime factors of 847562.
2, 423781
List the prime factors of 142479.
3, 1759
List the prime factors of 31321238.
2, 13, 761, 1583
What are the prime factors of 95384?
2, 11923
List the prime factors of 1955676.
2, 3, 162973
List the prime factors of 12262817.
7, 47, 37273
What are the prime factors of 4046227?
1237, 3271
What are the prime factors of 906752?
2, 7, 11, 23
What are the prime factors of 674970?
2, 3, 5, 149, 151
What are the prime factors of 13366674?
2, 3, 247531
What are the prime factors of 416752?
2, 7, 61
List the prime factors of 1049953.
1049953
List the prime factors of 16260092.
2, 17, 239119
List the prime factors of 2139362.
2, 19, 56299
List the prime factors of 14613858.
2, 3, 7, 263
List the prime factors of 72403.
17, 4259
What are the prime factors of 114457?
7, 83, 197
List the prime factors of 135668.
2, 13, 2609
List the prime factors of 70926.
2, 3, 11821
What are the prime factors of 412425?
3, 5, 13, 47
List the prime factors of 1576212.
2, 3, 11, 11941
List the prime factors of 294277.
294277
What are the prime factors of 248773?
7, 5077
What are the prime factors of 9816807?
3, 7, 11, 13, 467
What are the prime factors of 18120152?
2, 2265019
List the prime factors of 6021083.
6021083
What are the prime factors of 4948739?
4948739
List the prime factors of 165296.
2, 10331
What are the prime factors of 1163654?
2, 29, 20063
What are the prime factors of 1776208?
2, 7, 15859
What are the prime factors of 266551?
19, 14029
What are the prime factors of 17987?
17987
What are the prime factors of 7360778?
2, 331, 11119
What are the prime factors of 4716365?
5, 943273
List the prime factors of 9314883.
3, 19, 47, 61
What are the prime factors of 3274498?
2, 19, 86171
What are the prime factors of 3444773?
43, 80111
What are the prime factors of 5811127?
7, 17, 47, 1039
What are the prime factors of 19854159?
3, 13, 541, 941
What are the prime factors of 1343917?
1343917
List the prime factors of 384697.
384697
List the prime factors of 5256674.
2, 157, 16741
What are the prime factors of 748653?
3, 61, 4091
What are the prime factors of 132590?
2, 5, 13259
List the prime factors of 6317599.
47, 134417
What are the prime factors of 423258?
2, 3, 11, 53
What are the prime factors of 42394?
2, 11, 41, 47
What are the prime factors of 2631324?
2, 3, 219277
What are the prime factors of 7097645?
5, 67, 21187
What are the prime factors of 15503?
37, 419
What are the prime factors of 194562?
2, 3, 1201
What are the prime factors of 1004699?
73, 13763
What are the prime factors of 182359?
17, 631
What are the prime factors of 974656?
2, 97, 157
List the prime factors of 335759.
71, 4729
What are the prime factors of 307897?
47, 6551
What are the prime factors of 20127614?
2, 13, 59, 13121
List the prime factors of 4053267.
3, 23, 61, 107
What are the prime factors of 240136?
2, 13, 2309
List the prime factors of 1250467.
349, 3583
List the prime factors of 47698.
2, 7, 3407
List the prime factors of 361511.
361511
What are the prime factors of 358427?
358427
What are the prime factors of 2053089?
3, 157, 1453
What are the prime factors of 540771?
3, 7, 11, 2341
What are the prime factors of 880180?
2, 5, 7, 6287
List the prime factors of 199343.
199343
List the prime factors of 7687963.
7687963
What are the prime factors of 211406?
2, 13, 47, 173
What are the prime factors of 2641569?
3, 7, 125789
List the prime factors of 267532.
2, 66883
List the prime factors of 1266000.
2, 3, 5, 211
What are the prime factors of 1766798?
2, 11, 80309
List the prime factors of 11726498.
2, 7, 17, 29, 1699
List the prime factors of 7443321.
3, 2481107
What are the prime factors of 14765939?
14765939
What are the pri